 5, 67
List the prime factors of 12930.
2, 3, 5, 431
What are the prime factors of 7526?
2, 53, 71
List the prime factors of 1957.
19, 103
List the prime factors of 30957.
3, 17, 607
What are the prime factors of 259?
7, 37
List the prime factors of 386.
2, 193
List the prime factors of 9201.
3, 3067
List the prime factors of 16136.
2, 2017
What are the prime factors of 27059?
27059
What are the prime factors of 22089?
3, 37, 199
List the prime factors of 41919.
3, 89, 157
List the prime factors of 763.
7, 109
List the prime factors of 4673.
4673
What are the prime factors of 5351?
5351
What are the prime factors of 1232?
2, 7, 11
List the prime factors of 34948.
2, 8737
What are the prime factors of 1358?
2, 7, 97
What are the prime factors of 7572?
2, 3, 631
List the prime factors of 862.
2, 431
What are the prime factors of 1249?
1249
What are the prime factors of 2236?
2, 13, 43
List the prime factors of 4341.
3, 1447
What are the prime factors of 762?
2, 3, 127
What are the prime factors of 5127?
3, 1709
List the prime factors of 6353.
6353
List the prime factors of 4426.
2, 2213
List the prime factors of 10361.
13, 797
List the prime factors of 1995.
3, 5, 7, 19
List the prime factors of 13700.
2, 5, 137
What are the prime factors of 1147?
31, 37
List the prime factors of 9974.
2, 4987
What are the prime factors of 76909?
7, 10987
List the prime factors of 447.
3, 149
List the prime factors of 38229.
3, 12743
List the prime factors of 41686.
2, 19, 1097
List the prime factors of 73.
73
What are the prime factors of 2033?
19, 107
List the prime factors of 1337.
7, 191
What are the prime factors of 11813?
11813
List the prime factors of 11319.
3, 7, 11
What are the prime factors of 53722?
2, 26861
What are the prime factors of 64318?
2, 32159
List the prime factors of 9648.
2, 3, 67
What are the prime factors of 12945?
3, 5, 863
List the prime factors of 4869.
3, 541
List the prime factors of 33.
3, 11
What are the prime factors of 68361?
3, 22787
List the prime factors of 96436.
2, 24109
What are the prime factors of 1629?
3, 181
What are the prime factors of 10768?
2, 673
List the prime factors of 10981.
79, 139
What are the prime factors of 7747?
61, 127
What are the prime factors of 2125?
5, 17
List the prime factors of 1760.
2, 5, 11
List the prime factors of 20528.
2, 1283
List the prime factors of 414.
2, 3, 23
List the prime factors of 9576.
2, 3, 7, 19
What are the prime factors of 349?
349
What are the prime factors of 6202?
2, 7, 443
List the prime factors of 2160.
2, 3, 5
List the prime factors of 1750.
2, 5, 7
List the prime factors of 53690.
2, 5, 7, 13, 59
What are the prime factors of 37995?
3, 5, 17, 149
What are the prime factors of 7003?
47, 149
What are the prime factors of 1145?
5, 229
What are the prime factors of 2591?
2591
What are the prime factors of 176398?
2, 89, 991
List the prime factors of 12447.
3, 461
List the prime factors of 9452.
2, 17, 139
What are the prime factors of 8471?
43, 197
What are the prime factors of 8721?
3, 17, 19
List the prime factors of 82251.
3, 13, 19, 37
List the prime factors of 132914.
2, 66457
List the prime factors of 4397.
4397
What are the prime factors of 77782?
2, 38891
List the prime factors of 25510.
2, 5, 2551
List the prime factors of 8114.
2, 4057
What are the prime factors of 3288?
2, 3, 137
List the prime factors of 71102.
2, 73, 487
List the prime factors of 575.
5, 23
What are the prime factors of 39074?
2, 7, 2791
What are the prime factors of 2907?
3, 17, 19
List the prime factors of 4312.
2, 7, 11
What are the prime factors of 1108?
2, 277
List the prime factors of 2096.
2, 131
List the prime factors of 20487.
3, 6829
What are the prime factors of 115?
5, 23
What are the prime factors of 36574?
2, 18287
List the prime factors of 106336.
2, 3323
What are the prime factors of 2778?
2, 3, 463
What are the prime factors of 10817?
29, 373
What are the prime factors of 2446?
2, 1223
What are the prime factors of 4206?
2, 3, 701
List the prime factors of 46131.
3, 15377
What are the prime factors of 73495?
5, 14699
List the prime factors of 253.
11, 23
List the prime factors of 13205.
5, 19, 139
What are the prime factors of 4?
2
List the prime factors of 801.
3, 89
What are the prime factors of 364?
2, 7, 13
List the prime factors of 10239.
3, 3413
What are the prime factors of 2556?
2, 3, 71
What are the prime factors of 166?
2, 83
List the prime factors of 1425.
3, 5, 19
List the prime factors of 8429.
8429
What are the prime factors of 6667?
59, 113
What are the prime factors of 14235?
3, 5, 13, 73
List the prime factors of 21312.
2, 3, 37
What are the prime factors of 139?
139
List the prime factors of 7625.
5, 61
List the prime factors of 2451.
3, 19, 43
List the prime factors of 1513.
17, 89
List the prime factors of 27190.
2, 5, 2719
List the prime factors of 48154.
2, 24077
List the prime factors of 1110.
2, 3, 5, 37
What are the prime factors of 31157?
7, 4451
List the prime factors of 31013.
31013
List the prime factors of 26711.
26711
List the prime factors of 6099.
3, 19, 107
List the prime factors of 78512.
2, 7, 701
What are the prime factors of 2247?
3, 7, 107
List the prime factors of 15642.
2, 3, 11, 79
List the prime factors of 9580.
2, 5, 479
List the prime factors of 12127.
67, 181
List the prime factors of 4886.
2, 7, 349
What are the prime factors of 23787?
3, 881
What are the prime factors of 25015?
5, 5003
List the prime factors of 3882.
2, 3, 647
List the prime factors of 52002.
2, 3, 107
List the prime factors of 9414.
2, 3, 523
What are the prime factors of 54300?
2, 3, 5, 181
List the prime factors of 875.
5, 7
List the prime factors of 11637.
3, 431
List the prime factors of 1698.
2, 3, 283
List the prime factors of 15873.
3, 11, 13, 37
What are the prime factors of 3812?
2, 953
What are the prime factors of 175?
5, 7
List the prime factors of 513.
3, 19
List the prime factors of 2819.
2819
What are the prime factors of 793?
13, 61
List the prime factors of 1134.
2, 3, 7
What are the prime factors of 10068?
2, 3, 839
What are the prime factors of 1402?
2, 701
List the prime factors of 2006.
2, 17, 59
What are the prime factors of 4?
2
What are the prime factors of 5573?
5573
What are the prime factors of 12497?
12497
List the prime factors of 32723.
43, 761
What are the prime factors of 7104?
2, 3, 37
What are the prime factors of 337?
337
List the prime factors of 3566.
2, 1783
List the prime factors of 6204.
2, 3, 11, 47
What are the prime factors of 835?
5, 167
What are the prime factors of 30459?
3, 11, 13, 71
List the prime factors of 43655.
5, 8731
What are the prime factors of 2516?
2, 17, 37
List the prime factors of 64682.
2, 32341
What are the prime factors of 5176?
2, 647
List the prime factors of 1494.
2, 3, 83
What are the prime factors of 49?
7
List the prime factors of 1312.
2, 41
What are the prime factors of 16750?
2, 5, 67
What are the prime factors of 10025?
5, 401
What are the prime factors of 2267?
2267
What are the prime factors of 70826?
2, 7, 5059
What are the prime factors of 543?
3, 181
What are the prime factors of 23036?
2, 13, 443
What are the prime factors of 108769?
108769
What are the prime factors of 3463?
3463
List the prime factors of 104406.
2, 3, 17401
List the prime factors of 29077.
29077
List the prime factors of 726.
2, 3, 11
List the prime factors of 29267.
7, 37, 113
List the prime factors of 1778.
2, 7, 127
List the prime factors of 10589.
10589
What are the prime factors of 5432?
2, 7, 97
List the prime factors of 4685.
5, 937
List the prime factors of 84271.
11, 47, 163
What are the prime factors of 838?
2, 419
List the prime factors of 331.
331
What are the prime factors of 1233?
3, 137
List the prime factors of 12013.
41, 293
What are the prime factors of 2840?
2, 5, 71
What are the prime factors of 81?
3
What are the prime factors of 1903?
11, 173
What are the prime factors of 1301?
1301
List the prime factors of 1057.
7, 151
What are the prime factors of 425?
5, 17
List the prime factors of 18208.
2, 569
What are the prime factors of 78103?
83, 941
What are the prime factors of 734?
2, 367
What are the prime factors of 4079?
4079
List the prime factors of 1462.
2, 17, 43
List the prime f